927 a composite number?
True
Is 76645550197 a prime number?
True
Is 7435954909 composite?
False
Is 13534180277 a composite number?
True
Is 218614726523 a prime number?
True
Is 52019461453 composite?
True
Is 9157613467 a composite number?
False
Is 368013001 composite?
True
Is 1821645181 a composite number?
False
Is 868534817 a composite number?
False
Is 4882434443 a prime number?
False
Is 395859817 a prime number?
True
Is 7029527371 prime?
False
Is 1229287399 composite?
True
Is 1190817181 a composite number?
False
Is 149830103 prime?
False
Is 92101745383 a composite number?
True
Is 13010339759 a composite number?
False
Is 6232322839 a prime number?
True
Is 248125964461 a composite number?
False
Is 6954575219 a composite number?
False
Is 26696581 a prime number?
True
Is 2713200638 prime?
False
Is 3521566955 composite?
True
Is 4827995857 a prime number?
True
Is 3860255423 composite?
False
Is 1011777451 a composite number?
True
Is 676651163 a composite number?
False
Is 274421687 composite?
True
Is 170590283 prime?
False
Is 10114820803 a composite number?
True
Is 65090887 composite?
True
Is 1070478613 composite?
False
Is 283110463 a prime number?
True
Is 1036425683 composite?
True
Is 2941782101 a prime number?
False
Is 1652500513 a prime number?
True
Is 272254901 prime?
False
Is 168089117419 composite?
False
Is 1664547013 composite?
False
Is 9046806869 a prime number?
False
Is 10793920987 a composite number?
False
Is 1307439011 prime?
True
Is 3313244539 prime?
False
Is 87279510581 a prime number?
True
Is 14120225359 composite?
False
Is 746910191 a composite number?
False
Is 7709034601 prime?
True
Is 2506534339 prime?
False
Is 1338340879 prime?
False
Is 424755119 composite?
True
Is 2808599797 a composite number?
True
Is 90427473989 a composite number?
False
Is 7330577027 a prime number?
True
Is 33178368617 prime?
False
Is 708749513 composite?
False
Is 55073612026 a prime number?
False
Is 56620366601 a prime number?
True
Is 2451822026 a prime number?
False
Is 129016613411 a composite number?
True
Is 55335900509 prime?
True
Is 19229647639 a prime number?
True
Is 7817874535 a prime number?
False
Is 17349009751 a composite number?
True
Is 159918263 composite?
False
Is 29515636879 a prime number?
True
Is 549190501 prime?
True
Is 78590008681 a prime number?
False
Is 315968797 composite?
False
Is 13739407183 a composite number?
True
Is 3963647921 composite?
False
Is 391436897 a prime number?
True
Is 150744852133 a composite number?
True
Is 59535353 prime?
True
Is 17364469 a composite number?
False
Is 249022385 a prime number?
False
Is 2796123259 a prime number?
False
Is 190838369 composite?
False
Is 7073832683 a prime number?
False
Is 34515442235 prime?
False
Is 348698731 composite?
True
Is 1399354093 a composite number?
False
Is 460344221 a prime number?
True
Is 2077532551 a composite number?
True
Is 18417550241 a prime number?
True
Is 1201850597 prime?
False
Is 246801341 a prime number?
True
Is 2387821 prime?
True
Is 14137123813 a composite number?
True
Is 2896325827 prime?
False
Is 6652321061 a prime number?
True
Is 18632116409 a composite number?
False
Is 8823523853 a prime number?
True
Is 1185665251 a composite number?
False
Is 3029789237 prime?
True
Is 1163729087 prime?
False
Is 66429463 composite?
False
Is 142657039 a composite number?
True
Is 18211181057 a prime number?
True
Is 110740757 composite?
False
Is 315216043 a composite number?
False
Is 1062484207 a prime number?
False
Is 1932524519 composite?
False
Is 641772739 a composite number?
True
Is 11876557643 a composite number?
False
Is 4155042751 a composite number?
True
Is 343360631 prime?
False
Is 1066521919 composite?
True
Is 33805154281 a prime number?
True
Is 5835449701 a composite number?
False
Is 8075627863 prime?
True
Is 5420741 a composite number?
True
Is 2124762173 composite?
False
Is 4137991279 a prime number?
True
Is 118414384651 a composite number?
False
Is 262979625481 prime?
True
Is 499492673 a prime number?
False
Is 9388827181 composite?
True
Is 8714530261 a prime number?
True
Is 2791746413 prime?
True
Is 562220587 prime?
False
Is 730495197101 composite?
False
Is 2310033647 a composite number?
True
Is 349117819 a composite number?
False
Is 413076061 composite?
True
Is 6723077017 prime?
True
Is 100821973367 composite?
False
Is 44592375167 composite?
False
Is 620404045 prime?
False
Is 5949238573 prime?
False
Is 22052464403 a prime number?
False
Is 1098077741 a composite number?
False
Is 10292472209 composite?
False
Is 2227158809 a composite number?
False
Is 1264744843 composite?
True
Is 3448952623 a composite number?
True
Is 219884527 a prime number?
True
Is 7722147613 prime?
True
Is 1691580263 a prime number?
True
Is 327496189 prime?
False
Is 8760520793 composite?
True
Is 1998670873 a prime number?
True
Is 13872050165 a prime number?
False
Is 394541267 a composite number?
True
Is 4847654459 a prime number?
True
Is 98445381 a prime number?
False
Is 542868169 a prime number?
False
Is 3492178223 a prime number?
True
Is 8585155993 a composite number?
False
Is 322669099 composite?
False
Is 38345973569 a prime number?
True
Is 8091770299 composite?
False
Is 44144200643 a composite number?
False
Is 5413481243 prime?
False
Is 1365800981 prime?
True
Is 10896738053 a prime number?
True
Is 868203719 composite?
True
Is 72950369243 a composite number?
False
Is 21138031363 a composite number?
True
Is 4504710118 prime?
False
Is 379773133 prime?
False
Is 1299949433 a prime number?
False
Is 9013285847 a prime number?
True
Is 30535558919 prime?
True
Is 88595298271 a composite number?
True
Is 935154083 prime?
False
Is 232316816759 composite?
False
Is 22535922707 composite?
True
Is 9451970389 prime?
True
Is 216977533 a prime number?
False
Is 150694443781 a prime number?
False
Is 197950996786 a composite number?
True
Is 3397324765 a composite number?
True
Is 278976391 a composite number?
False
Is 1226128693 prime?
True
Is 176900987591 a prime number?
False
Is 151465163197 composite?
False
Is 17397945073 composite?
False
Is 30291285331 composite?
False
Is 1484007247 a composite number?
True
Is 611668613 prime?
False
Is 867959447 a composite number?
False
Is 228125446553 composite?
True
Is 11738457163 prime?
False
Is 202995833129 prime?
False
Is 20142412441 prime?
False
Is 140285363707 a composite number?
False
Is 8855959997 prime?
False
Is 8855951003 a composite number?
True
Is 89085255599 a prime number?
False
Is 2327837243 a composite number?
True
Is 79460377741 prime?
True
Is 2783303723 a prime number?
True
Is 3367144895 composite?
True
Is 680635723 a composite number?
False
Is 801372359 prime?
False
Is 203061647 composite?
False
Is 181453781206 a composite number?
True
Is 20874697787 prime?
False
Is 23272054319 prime?
False
Is 3880212059 prime?
True
Is 4766509063 a prime number?
True
Is 243298039 a prime number?
True
Is 163458887455 a prime number?
False
Is 1829350673 a prime number?
False
Is 2241713059 a composite number?
False
Is 2204336359 prime?
True
Is 136943098 a composite number?
True
Is 68517882613 composite?
True
Is 4267427599 a composite number?
False
Is 2410964993 a prime number?
False
Is 5096955301 composite?
True
Is 89094284479 composite?
False
Is 1671257702 prime?
False
Is 117891030853 composite?
True
Is 860473931 a prime number?
True
Is 220337863171 a prime number?
False
Is 1046481509 composite?
True
Is 25860019739 a prime number?
True
Is 4997054513 prime?
False
Is 5447740201 composite?
False
Is 19072261189 a composite number?
True
Is 66969239423 prime?
False
Is 111904660253 prime?
False
Is 5517873377 composite?
False
Is 37479148177 a prime number?
False
Is 66834322439 a prime number?
True
Is 12696748223 prime?
True
Is 61703219437 a prime number?
True
Is 594819361 prime?
False
Is 1093613299 a prime number?
True
Is 7747552763 a composite number?
True
Is 21626170183 composite?
True
Is 2011697 prime?
True
Is 4052788963 a prime number?
False
Is 1327877807 prime?
False
Is 110521087477 a composite number?
False
Is 78676896251 prime?
False
Is 21623894821 a prime number?
False
Is 650415569 a composite number?
True
Is 182140589 a prime number?
False
Is 73878866606 a prime number?
False
Is 47580347471 prime?
True
Is 6160499753 composite?
False
Is 358437379 a composite number?
True
Is 10779